 - -8270) + (-6)/v a composite number?
False
Suppose -b = -3*f - 6421, 0*f - 3*f = 4*b - 25729. Suppose 4*i = 3*n + b, 0 = -5*i - n + 12336 - 4308. Is (i/8 - 15/20) + 3 a prime number?
False
Let d(p) = -123*p - 3. Let b(z) = 123*z + 2. Let u(s) = -5*b(s) - 6*d(s). Is u(11) prime?
True
Let o(b) = -b**3 + 26*b**2 - 51*b - 73. Let w = 192 + -169. Is o(w) prime?
False
Suppose 0 = -d - 5*g + 25, -d = -5*g - 0*g - 25. Suppose d*z - 11740 = 21*z. Suppose 0 = -28*n + 33*n - z. Is n prime?
True
Let w be 18*(30/36)/5. Suppose -4*y - 9769 = -w*f, f - y = -2*y + 3261. Is f a composite number?
False
Suppose -5 = 5*i - 20. Suppose -2*d = i*b - 8, -2*d + 6 = -b - 10. Let o(g) = 7*g**2 + 4*g + 6. Is o(d) prime?
False
Let v be (-2 - 96/(-3))*(-22)/55. Is 28738/5*v/(-72)*15 a prime number?
True
Let h be ((-34851)/(-4))/(69/92). Let r = 20340 + h. Is r composite?
False
Is (2286326/56)/((-18)/24 + 1) prime?
True
Suppose -4*w - 3*q = -10595, 2*q - 4*q = -w + 2657. Let f = w - -288. Is f composite?
False
Suppose 2*p = -8, 52 = -7*x + 2*x + 2*p. Let z(q) = -q - 3. Let d be z(x). Suppose 0 = 5*y - d*y + 3580. Is y prime?
False
Suppose 2*w = -2*b - 26, 0 = -b - w + 3*w - 16. Let g = b - -26. Let a = 407 + g. Is a a composite number?
False
Suppose -2*b - 22749 = -m, -3*m + 3*b + 68267 = 2*b. Is m composite?
True
Let q = 273 - -552. Suppose -1257 = -q*o + 822*o. Is o composite?
False
Let k = 14464 + -7190. Is k a composite number?
True
Let j(c) = -398*c**3 + 7*c**2 - 12*c - 44. Is j(-9) composite?
True
Let a = -10745 + 10683. Let f = -4051 - -2424. Let x = a - f. Is x prime?
False
Suppose -6*f - 2*s = -f - 1, f - 5 = 2*s. Let b be (-6)/(f/(-3)*18/8). Let x(k) = 55*k + 5. Is x(b) a composite number?
True
Let w(c) = -219*c - 26. Let z be w(-17). Suppose -3*l + z = 4*k, 6205 = 5*l - k - k. Suppose 65*x + l = 68*x. Is x a prime number?
False
Let x = -24899 - -45526. Is x composite?
False
Suppose 34*m = 37*m - 15. Suppose -5394 - 786 = -m*b. Suppose -3*k = -3*l + b, -2*l + 741 = -4*k - 85. Is l a composite number?
True
Let f = -8 - -16. Suppose f = -m + 11. Suppose m*b - 42 = -9. Is b composite?
False
Let m(q) = 49*q**2 - 1569*q + 9. Is m(73) prime?
False
Let j(l) be the second derivative of l**4/3 - 5*l**3/6 - 40*l**2 + 3*l + 1. Is j(33) composite?
False
Suppose 10 = -5*n + i, 0*n - 1 = -4*n - i. Let o(q) = 3*q**2. Let w be o(n). Suppose -3*u + 0*u + 597 = w*k, 5*k = 2*u + 960. Is k composite?
True
Let z(q) = -q**2 + 12*q + 3. Let w be z(12). Let n be w*(3/1 - 4) - -6. Suppose -3922 = -n*y - 271. Is y a composite number?
False
Let x = 1008575 + -453216. Is x prime?
False
Let t(h) = h**3 + 19*h**2 + 6*h - 14. Suppose 3*x + 7 = -20. Let w be t(x). Suppose -16*p + w = -14*p. Is p composite?
True
Suppose 0 = -5*j - 0 - 10. Let m(a) = 2*a**2 + 6*a + 9. Let o be m(j). Suppose -r + o*r = 2132. Is r prime?
False
Let w(y) = -5796*y**3 - 4*y**2 + 2. Let u be w(1). Let t = 8559 + u. Is t prime?
False
Suppose 2706992 = 4*j + w, -3*j - 2030253 = -6*j - 3*w. Is j a composite number?
False
Let s = -202 - -391. Suppose -3*b - m + 209 = b, -s = -4*b + 3*m. Is b prime?
False
Let d be 1/(-6 + (-98558)/(-16426)). Suppose 3*w + 2*c - 814 = d, 3*w = -c + 9024. Is w prime?
False
Suppose -2692762 = -4*k + 2*h - 694808, 0 = -5*k + 2*h + 2497441. Is k a prime number?
False
Suppose -5*k + 359535 = -5*y, -y - 359515 = -670*k + 665*k. Is k a prime number?
False
Let v = -76 - -2440. Suppose -3*y + 0*m - 3*m + 3537 = 0, 0 = 2*y - m - v. Is y composite?
False
Suppose -5*g - 2*o - 7124 = 0, 3*g - o - 2*o + 4266 = 0. Let c = -470 + -313. Let j = c - g. Is j composite?
False
Let h be (3 + 6)/(-3) + 0/2. Let y be (h - -10) + 12/(-4) + 4. Suppose 2303 = -z + y*z. Is z composite?
True
Let n(i) = -3 + 10 + 22*i - 17*i + 1 + 9016*i**2. Is n(-1) prime?
False
Let g(p) = 21013*p**3 + 14*p**2 - 72*p - 48. Is g(5) a composite number?
False
Let l = -537 - -531. Is (l*1)/2 + (12 - -5972) a prime number?
True
Let c(a) = 17*a + 5. Let j be c(9). Suppose j = -5*d + 7*d. Is d prime?
True
Let o(g) = -12*g + 6. Let l be o(1). Is l/2 - (-39936)/6 prime?
True
Let z(s) = -19124*s + 17077. Is z(-20) composite?
False
Suppose -5*a + b + 45 = 0, 3*a + 4*b = 6 - 2. Suppose 0 = 20*r - 13*r - 1694. Suppose -6*q - r = -a*q. Is q a prime number?
False
Suppose 5*q + x - 311648 = 0, 0 = -0*q + 4*q - 4*x - 249304. Is q a composite number?
True
Suppose -183575 = -41*f - 438958 + 4646442. Is f composite?
False
Let q = -52 + 54. Suppose 0*f = -q*f + 8. Suppose 0 = l - 3*p - 2*p - 1502, 3*p + 6025 = f*l. Is l a prime number?
False
Suppose 6*n - 11236 - 643814 = 0. Suppose 8*y - 89105 = n. Is y a prime number?
False
Let p(u) = u**2 + 12*u + 38. Let o be p(-5). Suppose x + x = 4*y - 5166, 4*y - 5161 = -o*x. Is y a composite number?
False
Let g = -33 + 23. Is (-21462)/(g - -3) - -1 a prime number?
True
Is (19640/24 + 12)/(-3 + 20/6) composite?
True
Suppose 37335499 = 23935*u - 23906*u. Is u a composite number?
False
Suppose 67*l - 49689 - 563026 = 0. Suppose 0 = 3*k - 49 + 10. Suppose l = k*n - 9172. Is n a composite number?
False
Suppose 3*q = 4*i + 15 - 3, 5*i = 0. Suppose -t = 2*k + q, 13*k + 10 = -4*t + 8*k. Suppose 2*m - 8 = t, 2*m - 1068 = -2*a + 4002. Is a a prime number?
True
Let y be -12 + (3 + -7 - -8). Let v(b) = 0 - 5 + 4 + 0 - 40*b. Is v(y) prime?
False
Suppose 0 = -108*x + 13158179 + 27979993. Is x composite?
False
Let j(m) = -622*m**2 - 10*m - 8. Let r be j(8). Let s = 58909 + r. Is s composite?
False
Let l = -133183 + 236490. Is l composite?
False
Let q(d) = 7 + 33*d**2 + 32*d**2 - 26 + 11*d**2 + 20*d**2. Is q(4) a prime number?
False
Let p(u) = 9*u**3 - 31*u**2 - u + 5. Let r be p(7). Suppose -3*b - 4*g = -g - r, -4*b + 5*g = -2079. Is b a prime number?
True
Let s be 6 + 0/(1 + (0 - 2)). Suppose 5*o - 68717 = -s*o. Is o prime?
True
Let x(v) = 51595*v**2 + 32*v + 17. Is x(4) prime?
False
Let u(z) = -4*z + 44. Let a be u(10). Suppose 19*r - 22485 = a*r. Is r a prime number?
True
Let p be 3/(18/14 - 8/28). Let v be p + -2 + -2 + 4. Suppose t = -i - i + 3284, 0 = -v*i + 5*t + 4939. Is i a prime number?
False
Suppose 5095 = 5*o - 3*z + 1255, 3*o - z = 2300. Is (o - (-12)/3)/(0 + 1) prime?
True
Let w be ((-2304)/(-2))/((-27)/21 + 1). Let y = w - -9733. Is y prime?
True
Suppose 3*o + 14 = -4*a + 17, -5*a = 3*o. Is (96/(-8))/a*8663/4 a prime number?
True
Let t = -6250 + 7395. Is t prime?
False
Suppose 3858827 = 128*m - 4777944 - 9962781. Is m a prime number?
False
Is (316 - 1)*(4 - 0) - (-112 + 113) composite?
False
Is (-1314757)/(-7) - (8 + 960/(-112)) a composite number?
False
Let w(s) = 4 - s**2 + 14*s**2 + 10*s**2 + 8*s - s**3 - 41 - 10*s**2. Is w(9) a prime number?
True
Suppose 0 = -6*m - 4*m + 140. Suppose m = -4*i + 42. Is (-2)/14 - (-3200)/i prime?
True
Let q be (-1 + 4/3)*0. Suppose -4*j + 20 = q, -3*o + 418 = -j - 2907. Suppose 6*r = -0*r + o. Is r composite?
True
Suppose -1460299 = -42*x + 139636 + 1121749. Is x a prime number?
False
Let o be (-7147 - 30/(-6))/1. Let t = 11563 + o. Is t prime?
True
Is (6 - 15/(15/8))/((-2)/30203) prime?
True
Suppose -10*y + 7 = -9*y. Let n(l) = l**2 + 2*l - 3. Let u(z) = z**2 + 2*z - 2. Let a(m) = y*u(m) - 6*n(m). Is a(-23) prime?
True
Let t(l) = 4633*l + 8. Suppose -4*o + 5 = 3*h + 7, -4*o - 4*h = 0. Let b be t(o). Is b/(-5) + (-12)/20 a prime number?
False
Suppose 32*u = 411430 + 1850682. Is u a composite number?
True
Suppose 18072656 = 130*v - 18*v. Is v prime?
True
Suppose 99*b + 23182171 - 32589001 = 41220879. Is b prime?
True
Let k = 2 - 6. Let w be (-2)/(-5 - k) + 183. Is -1 + w + -14 + 15 a prime number?
False
Suppose 47294 = x - g + 4*g, 141843 = 3*x - 4*g. Suppose 9*l = 30322 + x. Is l a prime number?
True
Suppose 4*u - 35 = 5. Let b be (-2)/u - (-88)/40. Let l(y) = 231*y**3 - y**2 + 3*y - 3. Is l(b) a composite number?
False
Let v(k) = -216*k + 76. Let w be v(8). Let s = w + 9373. Is s prime?
False
Suppose 0 = s + 1. Suppose 4*q - 58 + 14 = 0. Is 319/q + (1 - s) composite?
False
Let x = 2487283 - 1761374. Is x prime?
True
Suppose 14*d - 13979040 = -226*d. Is d prime?
False
Let n be ((-22)/4)/((-3)/(-2406)). Let m = n - -9158. Is m prime?
False
Let t = -8450 - -15634. Let h = t + -2671. Is h a composite number?
False
Let r = 21 - -7. Suppose 4*w - 19 = z, -5*z - 3 = 4*w - r. Supp